{"id":288,"date":"2025-04-29T17:42:15","date_gmt":"2025-04-29T15:42:15","guid":{"rendered":"https:\/\/idea.org.pl\/?page_id=288"},"modified":"2025-05-19T17:44:53","modified_gmt":"2025-05-19T15:44:53","slug":"tanie-podroze-autem","status":"publish","type":"page","link":"https:\/\/idea.org.pl\/?page_id=288","title":{"rendered":"Wsp\u00f3lne podr\u00f3\u017ce autem"},"content":{"rendered":"\n<p>Czat polski<\/p>\n\n\n\n<div id=\"simple-ajax-chat\">\t\t\n\t\t<div id=\"sac-output\" class=\"sac-reg-req\">\n\t\t\t<p>\n\t\t\t\tYou must be a registered user to participate in this chat.\t\t\t<\/p>\n\t\t\t<!--p>Please <a href=\"\">Log in<\/a> to chat.<\/p-->\n\t\t<\/div>\n\t\t\n\t\t<\/div><style type=\"text\/css\">div#simple-ajax-chat{width:100%;overflow:hidden;margin:0 0 20px 0;}\r\ndiv#sac-content{display:none;}\r\ndiv#sac-output{float:left;width:58%;height:350px;overflow:auto;border:1px solid #d1d1d1;}\r\ndiv#sac-output.sac-reg-req{float:none;width:100%;height:auto;border:0;}\r\ndiv#sac-latest-message{padding:5px 10px;font-size:14px;background-color:#d1d1d1;text-shadow:1px 1px 1px rgba(255,255,255,0.5);}\r\nul#sac-messages{margin:10px 0;padding:0;font-size:14px;line-height:20px;}\r\nul#sac-messages li{margin:0;padding:4px 10px;}\r\nul#sac-messages li span{font-weight:bold;}\r\ndiv#sac-panel{float:right;width:38%;}\r\nform#sac-form fieldset{margin:0 0 5px 0;padding:0;border:0;}\r\nform#sac-form fieldset label,form#sac-form fieldset input,form#sac-form fieldset textarea{float:left;clear:both;width:94%;margin:0 0 2px 0;font-size:14px;}\r\nform#sac-form fieldset textarea{height:133px;}\r\n.tooltip{border:0;text-shadow:none;}<\/style>\n\n\n\n<p>Czat niemiecki<\/p>\n\n\n\n<div id=\"simple-ajax-chat\">\t\t\n\t\t<div id=\"sac-output\" class=\"sac-reg-req\">\n\t\t\t<p>\n\t\t\t\tYou must be a registered user to participate in this chat.\t\t\t<\/p>\n\t\t\t<!--p>Please <a href=\"\">Log in<\/a> to chat.<\/p-->\n\t\t<\/div>\n\t\t\n\t\t<\/div><style type=\"text\/css\">div#simple-ajax-chat{width:100%;overflow:hidden;margin:0 0 20px 0;}\r\ndiv#sac-content{display:none;}\r\ndiv#sac-output{float:left;width:58%;height:350px;overflow:auto;border:1px solid #d1d1d1;}\r\ndiv#sac-output.sac-reg-req{float:none;width:100%;height:auto;border:0;}\r\ndiv#sac-latest-message{padding:5px 10px;font-size:14px;background-color:#d1d1d1;text-shadow:1px 1px 1px rgba(255,255,255,0.5);}\r\nul#sac-messages{margin:10px 0;padding:0;font-size:14px;line-height:20px;}\r\nul#sac-messages li{margin:0;padding:4px 10px;}\r\nul#sac-messages li span{font-weight:bold;}\r\ndiv#sac-panel{float:right;width:38%;}\r\nform#sac-form fieldset{margin:0 0 5px 0;padding:0;border:0;}\r\nform#sac-form fieldset label,form#sac-form fieldset input,form#sac-form fieldset textarea{float:left;clear:both;width:94%;margin:0 0 2px 0;font-size:14px;}\r\nform#sac-form fieldset textarea{height:133px;}\r\n.tooltip{border:0;text-shadow:none;}<\/style>\n\n\n\n<p>Czat innych kraj\u00f3w europejskich<\/p>\n\n\n\n<div id=\"simple-ajax-chat\">\t\t\n\t\t<div id=\"sac-output\" class=\"sac-reg-req\">\n\t\t\t<p>\n\t\t\t\tYou must be a registered user to participate in this chat.\t\t\t<\/p>\n\t\t\t<!--p>Please <a href=\"\">Log in<\/a> to chat.<\/p-->\n\t\t<\/div>\n\t\t\n\t\t<\/div><style type=\"text\/css\">div#simple-ajax-chat{width:100%;overflow:hidden;margin:0 0 20px 0;}\r\ndiv#sac-content{display:none;}\r\ndiv#sac-output{float:left;width:58%;height:350px;overflow:auto;border:1px solid #d1d1d1;}\r\ndiv#sac-output.sac-reg-req{float:none;width:100%;height:auto;border:0;}\r\ndiv#sac-latest-message{padding:5px 10px;font-size:14px;background-color:#d1d1d1;text-shadow:1px 1px 1px rgba(255,255,255,0.5);}\r\nul#sac-messages{margin:10px 0;padding:0;font-size:14px;line-height:20px;}\r\nul#sac-messages li{margin:0;padding:4px 10px;}\r\nul#sac-messages li span{font-weight:bold;}\r\ndiv#sac-panel{float:right;width:38%;}\r\nform#sac-form fieldset{margin:0 0 5px 0;padding:0;border:0;}\r\nform#sac-form fieldset label,form#sac-form fieldset input,form#sac-form fieldset textarea{float:left;clear:both;width:94%;margin:0 0 2px 0;font-size:14px;}\r\nform#sac-form fieldset textarea{height:133px;}\r\n.tooltip{border:0;text-shadow:none;}<\/style>\n","protected":false},"excerpt":{"rendered":"<p>Czat polski Czat niemiecki Czat innych kraj\u00f3w europejskich<\/p>\n","protected":false},"author":1,"featured_media":0,"parent":0,"menu_order":0,"comment_status":"closed","ping_status":"closed","template":"","meta":{"footnotes":""},"class_list":["post-288","page","type-page","status-publish","hentry"],"_links":{"self":[{"href":"https:\/\/idea.org.pl\/index.php?rest_route=\/wp\/v2\/pages\/288","targetHints":{"allow":["GET"]}}],"collection":[{"href":"https:\/\/idea.org.pl\/index.php?rest_route=\/wp\/v2\/pages"}],"about":[{"href":"https:\/\/idea.org.pl\/index.php?rest_route=\/wp\/v2\/types\/page"}],"author":[{"embeddable":true,"href":"https:\/\/idea.org.pl\/index.php?rest_route=\/wp\/v2\/users\/1"}],"replies":[{"embeddable":true,"href":"https:\/\/idea.org.pl\/index.php?rest_route=%2Fwp%2Fv2%2Fcomments&post=288"}],"version-history":[{"count":6,"href":"https:\/\/idea.org.pl\/index.php?rest_route=\/wp\/v2\/pages\/288\/revisions"}],"predecessor-version":[{"id":325,"href":"https:\/\/idea.org.pl\/index.php?rest_route=\/wp\/v2\/pages\/288\/revisions\/325"}],"wp:attachment":[{"href":"https:\/\/idea.org.pl\/index.php?rest_route=%2Fwp%2Fv2%2Fmedia&parent=288"}],"curies":[{"name":"wp","href":"https:\/\/api.w.org\/{rel}","templated":true}]}}