{"id":241,"date":"2023-07-14T21:01:59","date_gmt":"2023-07-14T19:01:59","guid":{"rendered":"https:\/\/idea.org.pl\/?page_id=241"},"modified":"2023-08-06T19:23:15","modified_gmt":"2023-08-06T17:23:15","slug":"kontrola-art-chemicznych","status":"publish","type":"page","link":"https:\/\/idea.org.pl\/?page_id=241","title":{"rendered":"KONTROLA ART. CHEMICZNYCH"},"content":{"rendered":"\n<p>Szanowni Pa\u0144stwo obecnie mamy dost\u0119p do bardzo szerokiego wachlarzu produkt\u00f3w pochodzenia krajowego, jak i zagranicznego, poniewa\u017c wi\u0119kszo\u015b\u0107 z nas nie darzy w 100% zaufaniem instytucji, jak i prywatnych firm, kt\u00f3re wystawiaj\u0105 certyfikaty tycz\u0105ce \u201ezdrowej \u017cywno\u015bci\u201d, wobec tego postanowili\u015bmy wyj\u015b\u0107 temu naprzeciw z w\u0142asn\u0105 inicjatyw\u0105.<\/p>\n\n\n\n<p>Wszystkie te produkty b\u0119d\u0105 badane w niezale\u017cnych laboratoriach krajowych oraz zagranicznych w Polsce lub innych pa\u0144stwach w zale\u017cno\u015bci jakie laboratoria wi\u0119kszo\u015b\u0107 darczy\u0144c\u00f3w wybierze. Cena jednego badania kszta\u0142tuje si\u0119 od oko\u0142o: 15z\u0142 do nawet 2000z\u0142 w zale\u017cno\u015bci, jakimi metodami oraz co dok\u0142adnie b\u0119dzie badane.<\/p>\n\n\n\n<p>W wiadomo\u015bciach do nas prosimy o kr\u00f3tk\u0105 konkretn\u0105 informacj\u0119.<\/p>\n\n\n\n<p>1. Kwota, jaka Pa\u0144stwo wp\u0142acaj\u0105.<\/p>\n\n\n\n<p>2. Konkretny produkt.<\/p>\n\n\n\n<p>3. W jakim laboratorium ma by\u0107 badanie w Polsce czy za granic\u0105?<\/p>\n\n\n\n<p>Wz\u00f3r: 100z\u0142, mleko Lapgem 800ml firmy \u201ekok-protein\u201d Ul.Ja\u015bminowa Warszawa 11, Badane w Polsce Oczywi\u015bcie nazwa firmy i adres mo\u017ce by\u0107 dok\u0142adniejszy, a tak\u017ce mo\u017cemy poda\u0107 informacj\u0119, gdzie ten produkt mo\u017cna kupi\u0107.<\/p>\n","protected":false},"excerpt":{"rendered":"<p>Szanowni Pa\u0144stwo obecnie mamy dost\u0119p do bardzo szerokiego wachlarzu produkt\u00f3w pochodzenia krajowego, jak i zagranicznego, poniewa\u017c wi\u0119kszo\u015b\u0107 z nas nie darzy w 100% zaufaniem instytucji, [&hellip;]<\/p>\n","protected":false},"author":1,"featured_media":0,"parent":0,"menu_order":0,"comment_status":"closed","ping_status":"closed","template":"","meta":{"footnotes":""},"class_list":["post-241","page","type-page","status-publish","hentry"],"_links":{"self":[{"href":"https:\/\/idea.org.pl\/index.php?rest_route=\/wp\/v2\/pages\/241","targetHints":{"allow":["GET"]}}],"collection":[{"href":"https:\/\/idea.org.pl\/index.php?rest_route=\/wp\/v2\/pages"}],"about":[{"href":"https:\/\/idea.org.pl\/index.php?rest_route=\/wp\/v2\/types\/page"}],"author":[{"embeddable":true,"href":"https:\/\/idea.org.pl\/index.php?rest_route=\/wp\/v2\/users\/1"}],"replies":[{"embeddable":true,"href":"https:\/\/idea.org.pl\/index.php?rest_route=%2Fwp%2Fv2%2Fcomments&post=241"}],"version-history":[{"count":3,"href":"https:\/\/idea.org.pl\/index.php?rest_route=\/wp\/v2\/pages\/241\/revisions"}],"predecessor-version":[{"id":253,"href":"https:\/\/idea.org.pl\/index.php?rest_route=\/wp\/v2\/pages\/241\/revisions\/253"}],"wp:attachment":[{"href":"https:\/\/idea.org.pl\/index.php?rest_route=%2Fwp%2Fv2%2Fmedia&parent=241"}],"curies":[{"name":"wp","href":"https:\/\/api.w.org\/{rel}","templated":true}]}}